divided by 182.
179
Calculate the remainder when 83189 is divided by 235.
234
Calculate the remainder when 390 is divided by 33.
27
Calculate the remainder when 11978 is divided by 5620.
738
Calculate the remainder when 50018 is divided by 8300.
218
What is the remainder when 1283 is divided by 157?
27
What is the remainder when 8173 is divided by 170?
13
Calculate the remainder when 1185 is divided by 337.
174
Calculate the remainder when 15838 is divided by 989.
14
What is the remainder when 2073415 is divided by 10?
5
What is the remainder when 2107 is divided by 2099?
8
Calculate the remainder when 27513 is divided by 9165.
18
What is the remainder when 1560404 is divided by 105?
104
What is the remainder when 2631 is divided by 109?
15
Calculate the remainder when 53945 is divided by 26.
21
What is the remainder when 3730 is divided by 8?
2
Calculate the remainder when 23054 is divided by 1505.
479
Calculate the remainder when 1276 is divided by 422.
10
Calculate the remainder when 29033 is divided by 461.
451
Calculate the remainder when 99054 is divided by 8254.
6
What is the remainder when 5807 is divided by 70?
67
What is the remainder when 5545 is divided by 1501?
1042
What is the remainder when 310761 is divided by 95?
16
What is the remainder when 535 is divided by 26?
15
What is the remainder when 201462 is divided by 1737?
1707
Calculate the remainder when 718071 is divided by 139.
136
Calculate the remainder when 4484 is divided by 263.
13
What is the remainder when 869 is divided by 88?
77
Calculate the remainder when 94458 is divided by 185.
108
Calculate the remainder when 26550 is divided by 26136.
414
Calculate the remainder when 77552 is divided by 77536.
16
Calculate the remainder when 356484 is divided by 356466.
18
What is the remainder when 7551 is divided by 203?
40
What is the remainder when 155562 is divided by 77775?
12
What is the remainder when 35599 is divided by 18?
13
What is the remainder when 5479093 is divided by 15?
13
Calculate the remainder when 33459 is divided by 881.
862
Calculate the remainder when 6030 is divided by 101.
71
Calculate the remainder when 657214 is divided by 64.
62
What is the remainder when 123857 is divided by 3870?
17
Calculate the remainder when 88005 is divided by 9769.
84
What is the remainder when 2084 is divided by 292?
40
What is the remainder when 87321 is divided by 13?
0
Calculate the remainder when 1538 is divided by 47.
34
What is the remainder when 2116 is divided by 881?
354
Calculate the remainder when 7253 is divided by 1726.
349
Calculate the remainder when 362497 is divided by 822.
817
Calculate the remainder when 954782 is divided by 477364.
54
What is the remainder when 118055 is divided by 7378?
7
Calculate the remainder when 637 is divided by 23.
16
What is the remainder when 1272 is divided by 911?
361
What is the remainder when 7935 is divided by 318?
303
Calculate the remainder when 4720 is divided by 4660.
60
What is the remainder when 340835 is divided by 37864?
59
What is the remainder when 714580 is divided by 891?
889
What is the remainder when 307815 is divided by 698?
695
Calculate the remainder when 163078 is divided by 36.
34
Calculate the remainder when 14770 is divided by 642.
4
What is the remainder when 60990 is divided by 803?
765
Calculate the remainder when 192346 is divided by 468.
466
What is the remainder when 4101 is divided by 675?
51
What is the remainder when 19934 is divided by 89?
87
What is the remainder when 88824 is divided by 14?
8
Calculate the remainder when 52080 is divided by 778.
732
What is the remainder when 12153 is divided by 65?
63
Calculate the remainder when 114 is divided by 23.
22
What is the remainder when 244339 is divided by 217?
214
Calculate the remainder when 489 is divided by 15.
9
What is the remainder when 134445 is divided by 50?
45
Calculate the remainder when 242930 is divided by 326.
60
Calculate the remainder when 93299 is divided by 162.
149
What is the remainder when 315351 is divided by 687?
18
Calculate the remainder when 660 is divided by 18.
12
What is the remainder when 7062 is divided by 321?
0
Calculate the remainder when 88864 is divided by 29586.
106
Calculate the remainder when 194 is divided by 79.
36
Calculate the remainder when 134543 is divided by 549.
38
Calculate the remainder when 3382918 is divided by 8.
6
What is the remainder when 15233 is divided by 2972?
373
Calculate the remainder when 406506 is divided by 130.
126
What is the remainder when 46340 is divided by 6615?
35
What is the remainder when 40081 is divided by 495?
481
Calculate the remainder when 1253 is divided by 13.
5
Calculate the remainder when 1342 is divided by 8.
6
What is the remainder when 34297 is divided by 1719?
1636
What is the remainder when 166502 is divided by 349?
29
What is the remainder when 399566 is divided by 452?
450
Calculate the remainder when 157274 is divided by 2419.
39
What is the remainder when 2105 is divided by 522?
17
Calculate the remainder when 1472 is divided by 403.
263
What is the remainder when 397 is divided by 347?
50
What is the remainder when 75901 is divided by 937?
4
What is the remainder when 8039 is divided by 155?
134
What is the remainder when 38905 is divided by 999?
943
Calculate the remainder when 15774 is divided by 108.
6
What is the remainder when 945 is divided by 287?
84
What is the remainder when 91977 is divided by 490?
347
What is the remainder when 204114 is divided by 248?
10
Calculate the remainder when 58613 is divided by 900.
113
Calculate the remainder when 32977 is divided by 892.
865
Calculate the remainder when 10296 is divided by 445.
61
Calculate the remainder when 1285 is divided by 22.
9
What is the remainder when 6861 is divided by 8?
5
What is the remainder when 1277 is divided by 127?
7
Calculate the remainder when 19947 is divided by 322.
305
Calculate the remainder when 14008 is divided by 131.
122
What is the remainder when 400764 is divided by 273?
0
What is the remainder when 4618 is divided by 110?
108
Calculate the remainder when 8561 is divided by 373.
355
Calculate the remainder when 10719 is divided by 15.
9
Calculate the remainder when 315 is divided by 79.
78
Calculate the remainder when 166047 is divided by 30.
27
What is the remainder when 170612 is divided by 197?
10
What is the remainder when 2476 is divided by 815?
31
What is the remainder when 707 is divided by 209?
80
Calculate the remainder when 94709 is divided by 615.
614
Calculate the remainder when 104097 is divided by 235.
227
Calculate the remainder when 176295 is divided by 176278.
17
What is the remainder when 2726 is divided by 645?
146
What is the remainder when 718479 is divided by 14?
13
Calculate the remainder when 5454 is divided by 2653.
148
What is the remainder when 13905 is divided by 2316?
9
Calculate the remainder when 136726 is divided by 216.
214
Calculate the remainder when 79733 is divided by 39806.
121
Calculate the remainder when 358749 is divided by 101.
98
Calculate the remainder when 10334 is divided by 533.
207
What is the remainder when 88648 is divided by 11080?
8
What is the remainder when 19606 is divided by 79?
14
Calculate the remainder when 57399 is divided by 820.
819
Calculate the remainder when 24069 is divided by 19.
15
Calculate the remainder when 5101 is divided by 5042.
59
What is the remainder when 5580 is divided by 427?
29
What is the remainder when 14494 is divided by 132?
106
Calculate the remainder when 1949 is divided by 122.
119
Calculate the remainder when 896 is divided by 63.
14
What is the remainder when 321297 is divided by 10?
7
What is the remainder when 11590 is divided by 3777?
259
What is the remainder when 205710 is divided by 688?
686
Calculate the remainder when 10026 is divided by 193.
183
Calculate the remainder when 14465 is divided by 12.
5
What is the remainder when 55086 is divided by 70?
66
Calculate the remainder when 249234 is divided by 1755.
24
What is the remainder when 2574 is divided by 1659?
915
What is the remainder when 165525 is divided by 29?
22
What is the remainder when 29158 is divided by 13?
12
Calculate the remainder when 35555 is divided by 90.
5
What is the remainder when 86979 is 